 + 3*k. Calculate a(i).
2
Suppose -54 = t + 5*s, -2*s = t + 4*t + 247. Let c = -28 - t. Suppose -j - 4*l = c, -13 = -3*j + j + 3*l. Let b(q) = 6*q**3 + 1. Calculate b(j).
-5
Let n be (7/(-3))/(1/(-3)). Let f(g) = -3*g - 15. Let a be f(-6). Let h(y) = 16 - n + a*y - 4*y. What is h(5)?
4
Suppose 4*t + 8 + 8 = 0. Let r(m) be the third derivative of m**6/120 + m**5/20 - m**4/24 + m**3/2 - 3*m**2. What is r(t)?
-9
Let t(i) = -i**2 + 6*i - 3. Let k be t(5). Let o(q) = 2*q**2 - 3*q + 2. Give o(k).
4
Suppose 2*h = 1 + 3. Suppose -h = -o - 7. Let q(a) = -a. Let z(x) = -5*x + 10. Let d(n) = -6*q(n) + z(n). What is d(o)?
5
Let f(v) be the second derivative of v**4/12 - 3*v**3/2 - 3*v**2/2 - 74*v. What is f(7)?
-17
Let o = -22 - -22. Suppose -5 = -5*q - o*q. Let m(i) = 6*i. Calculate m(q).
6
Let q(r) = -r**2 - 6 + 6 - 8*r - 7. Determine q(-6).
5
Let g(b) be the first derivative of -b**2/2 + 4*b - 2. Let t = -37 - -34. Calculate g(t).
7
Let l(j) be the second derivative of -j**4/12 - j**3 - 2*j**2 + 5*j. Let o be 2 - (0 - (0 - 1)). Let i be 3/1*(-2 + o). Determine l(i).
5
Let o(q) = -6*q - 3. Let h be (-2 - 15/(-6))*(-1 - 3). What is o(h)?
9
Let h(z) = 5*z + 0 + 4 + z**2 + 3 - 6. Suppose -7 + 2 = i. Calculate h(i).
1
Let o be (3 - 0)*(-3)/9*5. Let d(i) = -i**3 - 6*i**2 - i + 2. Calculate d(o).
-18
Let p(g) = -g**3 + 6*g**2 + g + 1. Let j(k) = k**2 + 5*k - 8. Let x be j(-7). What is p(x)?
7
Suppose -2 = -3*i + 4. Let n = -2 - -2. Let k(s) = -s + n + i - s. Give k(2).
-2
Let o be (-94)/(-18) + (-48)/216. Let h(k) = -k**2 + k. Let j(p) = -5*p**2 + 11*p - 6. Let c(r) = -4*h(r) + j(r). What is c(o)?
4
Let l(p) be the second derivative of p**4/12 + p**3/6 - 9*p. Give l(0).
0
Let a(n) = -n**2 - 4*n + 7. Suppose -12 = -4*g + 44. Suppose -s - 2*p + 76 = -5*s, 46 = -2*s - 3*p. Let d = s + g. Determine a(d).
-5
Let u(a) = -a**2 - 3*a + 1. Let l be u(-4). Let o(g) = -g**3 - 2*g**2 + g - 3. Let r be o(l). Let v(f) = f - 4. Calculate v(r).
-1
Suppose -2*t + 11 = -3. Let b(h) = -h**2 + 10*h - 10. Determine b(t).
11
Let z(f) = -f**2 - 4*f + 5. Suppose -3*l + 0*l + 15 = 0. Suppose 12 = 5*h - 3*r, -2*h + 2*r + 3 = -1. Suppose 0 = 2*y - l*q + 21 - 3, -h*y + q = 14. Give z(y).
5
Suppose -u + 13 = 5*i, -3 + 1 = 4*u + 2*i. Let w(r) be the third derivative of r**4/6 + r**3/6 + 2*r**2. Determine w(u).
-7
Let h = -17 - 2. Let l be h/3 - (-4)/(-6). Let a = l + 7. Let q(i) = -i**3 + i**2 - i + 1. Calculate q(a).
1
Let l(c) = -c + 3. Let v be l(5). Let p(x) = -x**3 - 8*x + 5*x - 3*x**2 + x**2. Determine p(v).
6
Let p(w) = -2 + 3 + 13*w - 18*w. Let n(j) = 2*j + 1. Let i(v) = -v - 1. Let o(z) = 6*i(z) + 5*n(z). Let t(a) = -5*o(a) - 6*p(a). Give t(1).
9
Suppose -o + 5*o = -56. Let u be 3/(-2 + o/(-4)). Suppose 0*j + 2*y - 3 = -j, -u*j - 2*y + 4 = 0. Let n(l) = l**3 + 1. What is n(j)?
2
Let u(x) = -x**3 + 2*x - 1. Let j be u(-2). Let p be -2*j/(-18)*-3. Let r(q) = q + 1. Calculate r(p).
0
Let u(o) = -16*o**3 - 10*o**2 - 16*o - 26. Let z(r) = 3*r**3 + 2*r**2 + 3*r + 5. Let p(m) = -2*u(m) - 11*z(m). Let h = 7 + -10. Determine p(h).
9
Let w(y) be the first derivative of y**3/3 + 7*y**2/2 - 13*y - 38. Give w(-9).
5
Let u(o) be the second derivative of 0 - 1/6*o**3 + 1/8*o**4 - o**2 - o. Let x(p) be the first derivative of u(p). What is x(-2)?
-7
Suppose 20*y + 4 = -16. Let r(d) be the first derivative of 3*d**4/2 + d**3/3 - d + 1. Calculate r(y).
-6
Let x = -24 - -23. Let t(z) = 9*z**2 - z. Determine t(x).
10
Let k(i) = 22*i + 27*i - 48*i. Give k(4).
4
Let q(i) = 188 + 4*i + i**2 - 189 + i**2 - 3*i. Suppose 2*f + 2*m - 5 = m, 0 = 4*f + 3*m - 9. Let t be (-6)/4*(-4)/f. Give q(t).
9
Let x(h) = h + 1. Let z be (-34)/(-6) + 1/3. Suppose c = -0*c - z. Give x(c).
-5
Let b(s) = s**3 + 3*s**2 - 5*s - 6. Let t(g) = 2*g + 8. Let i = -18 + 12. Let z be t(i). Determine b(z).
-2
Let x(n) = -n + 2. Let l(q) = -q**2 - 11*q + 12. Let v be l(-12). Let a be v*(-2 - (-5)/2). Give x(a).
2
Suppose -a + 1 + 9 = 0. Suppose 5*f = a*f. Let p(x) = -x**3 + x**2 - x + 5. Give p(f).
5
Let a = -4 + 8. Suppose -4*o + 3*o + 8 = 4*l, -5*l + a*o = -10. Let z(k) = -2*k**2 + 3*k. Calculate z(l).
-2
Let h(o) = 7*o - 4. Let i(c) = 3*c - 2. Let f(x) = 4*h(x) - 9*i(x). Calculate f(-6).
-4
Let f(l) be the second derivative of l**5/20 + l**4/12 + l**3/6 - 10*l**2 + 5*l. Determine f(0).
-20
Let w(p) be the second derivative of p**8/6720 - p**7/2520 - p**6/240 - p**5/40 - p**4/12 + 5*p. Let b(j) be the third derivative of w(j). What is b(-2)?
-9
Suppose 3*o + 2*n = 0, -4*o - 2*n = n. Let x(i) be the third derivative of 1/60*i**5 + 0 - 5/6*i**3 - 1/6*i**4 + o*i + i**2. Give x(5).
0
Let q = -9 - -13. Let t(w) be the second derivative of 1/20*w**5 - 1/3*w**4 + 0*w**3 + 0 + 1/2*w**2 - 2*w. Determine t(q).
1
Let o(h) = h**2 - 11. Let x be (-116)/5 - (-2)/10. Let u = 23 + x. Give o(u).
-11
Let h(l) = 2*l**2 - 8*l - 32. Let q be h(6). Let y(a) = a**3 + 8*a**2 - a - 6. What is y(q)?
2
Let h(c) = -6*c**2 - 2*c - 1. Let r be 15/4 - 2/(-8). Let d be -1 + (-2 - (2 - r)). Determine h(d).
-5
Let g be (9/(-4))/((-9)/(-24)). Let q(t) = -t**3 - 7*t**2 - 8*t - 9. Determine q(g).
3
Let o(x) = 3*x + 6. Let j(u) = 8*u + 12. Let w(g) = -2*j(g) + 5*o(g). What is w(5)?
1
Let p(y) = -y**3 + 4*y**2 + 3. Let d be ((-24)/(-16))/((-3)/(-8)). Give p(d).
3
Let v(n) = -n**3 + 4*n**2 + 12*n + 1. Let z be v(6). Let o(d) = -4*d**2 + d - 1. Determine o(z).
-4
Let v(i) = i**2 + 12*i + 5. Let y be 48/32*16/(-2). What is v(y)?
5
Let x(d) = d**2 - 8*d + 4. Let i(k) = 2*k + 1. Let m(l) = -2*i(l) - x(l). Give m(4).
-6
Suppose -73*z + 4 = -71*z. Let u(a) be the second derivative of -a - 1/6*a**3 + z*a**2 + 0. Determine u(-4).
8
Let c(k) = 8*k + 5. Let b be c(3). Suppose 2*d - b = 5*o, -o - 3*d + 0*d + 1 = 0. Let z(y) = y**3 + 5*y**2 - y + 1. Calculate z(o).
6
Let m(x) = -x + 4 - 3 + 0. Let h(z) = -z**2 + 2*z. Let n be h(2). Calculate m(n).
1
Let h(s) = s + 4. Let p be h(0). Let r(q) = -7 + 17*q + 14*q**2 - 11*q + 3 - 15*q**2. Calculate r(p).
4
Let z(k) = 2*k - 5. Let x(h) be the third derivative of -h**5/60 + h**4/6 - h**2. Let i be x(2). Give z(i).
3
Let h be (-38)/(-8) + 2/8. Let g be (1/2)/((-2)/(-52)). Suppose -3*u = 2*f + g, -h*f - 20 = -5*u - 0. Let c(d) = -12*d**3 - d**2 - d - 1. Give c(u).
11
Let r(w) = -w**2 - 7*w - 3. Let b be r(-5). Let k = b - 7. Let d(i) = i - 5. Calculate d(k).
-5
Let j(f) = -2*f**2 + 3*f + 3. Let o = 74 + -71. Calculate j(o).
-6
Let a(m) = -6*m + 2. Let s(h) = 0 + h - 8 - 6 + h. Let f be s(11). Let b = -6 + f. Determine a(b).
-10
Let u(x) be the first derivative of -x**4/4 + 5*x**3/3 + 5*x**2/2 - 3*x - 2. What is u(6)?
-9
Let y(q) = q - 1. Let z(r) = 5*r - 10. Let d(a) = 6*y(a) - z(a). Determine d(5).
9
Suppose -3*s + 0*s = -4*n, -2*n = 0. Let q(h) = -h - 5. Let v be q(s). Let i(y) = 2*y + 7. Let b(c) = -4*c - 14. Let z(g) = 3*b(g) + 7*i(g). Give z(v).
-3
Let f = 10 + -8. Suppose f*q - 5*q = 0. Let x(t) = -t**2 - t + 3. Give x(q).
3
Let x(r) = -r**3 + r**2 - r - 1. Let w(p) = -8*p**3 + 3*p**2 - 3*p - 2. Let h(k) = -k**2 + 7*k + 9. Let a be h(8). Let t(c) = a*w(c) - 3*x(c). What is t(-1)?
6
Let f = -265 - -48. Let l be f/(-21) - 1/3. Let i = l + -13. Let a(m) = -m**3 - 4*m**2 - 4*m - 4. Calculate a(i).
-1
Let w(b) be the third derivative of 0 - 1/60*b**5 - 2*b**2 - 1/6*b**4 - 5/6*b**3 + 0*b. Determine w(-4).
-5
Let a(q) = -q + 7. Let w be a(4). Suppose 5*k - 3*t + 42 = 0, 2*k - 2 = w*t - 26. Let c(m) = m**2 + 6*m + 2. Calculate c(k).
2
Suppose -5*d = -0*d - 3*r - 12, -r - 11 = -4*d. Suppose p - d = -7. Let j(i) = -i**3 - 4*i**2 - i - 4. Determine j(p).
0
Let n(l) be the third derivative of -l**2 - 1/4*l**4 + 1/6*l**3 + 0 + 0*l. Let g(u) = -u**3 + 8*u**2 + 20*u - 1. Let i be g(10). Give n(i).
7
Let l(t) = -t**3 + 7*t**2 - 6*t - 2. Let q = -1 - -1. Suppose q = -x + 4*x - 18. Give l(x).
-2
Let l(i) = -i**2 - 7*i + 4. Let o(s) = -s**3 - 5*s**2 - 4*s - 1. Let b be o(-3). Give l(b).
4
Suppose -5*u - 7 = 13. Let c(n) = n**3 + 3*n**2 - 6*n - 5. Give c(u).
3
Let p(h) = -5*h + 7. Suppose -50*n = -52*n + 10. What is p(n)?
-18
Suppose -10 + 34 = 4*t. Let b(s) = -4 - 3*s + t*s - 5*s. Calculate b(3).
-10
Let c(m) be the second derivative of m**4/12 - m**2/2 + m. Let t be c(-2). Let o(h) = h + 2*h**2 + 3 - 3*h + 1 + h**t. Determine o(-3).
1
Let p(w) = w**2